{"id":14008,"date":"2021-09-09T11:18:16","date_gmt":"2021-09-09T09:18:16","guid":{"rendered":"http:\/\/skillmentoring.stilecht.ch\/?page_id=14008"},"modified":"2026-03-04T17:04:34","modified_gmt":"2026-03-04T16:04:34","slug":"academy","status":"publish","type":"page","link":"https:\/\/www.killias-beratung.ch\/index.php\/academy\/","title":{"rendered":"Academy"},"content":{"rendered":"<div class=\"fusion-fullwidth fullwidth-box fusion-builder-row-1 fusion-flex-container hundred-percent-fullwidth non-hundred-percent-height-scrolling\" style=\"background-color: rgba(255,255,255,0);background-position: center center;background-repeat: no-repeat;border-width: 0px 0px 0px 0px;border-color:#eae9e9;border-style:solid;\" ><div class=\"fusion-builder-row fusion-row fusion-flex-align-items-flex-start fusion-flex-justify-content-flex-end\" style=\"width:104% !important;max-width:104% !important;margin-left: calc(-4% \/ 2 );margin-right: calc(-4% \/ 2 );\"><div class=\"fusion-layout-column fusion_builder_column fusion-builder-column-0 fusion_builder_column_1_2 1_2 fusion-flex-column fusion-no-large-visibility\"><div class=\"fusion-column-wrapper fusion-flex-justify-content-flex-start fusion-content-layout-column\" style=\"background-position:left top;background-repeat:no-repeat;-webkit-background-size:cover;-moz-background-size:cover;-o-background-size:cover;background-size:cover;padding: 0px 0px 0px 0px;\"><div class=\"fusion-text fusion-text-1\"><h1 style=\"color: #4298b5;\"><span class=\"fontBold\">SKILLCARE-Academy.<\/span><br \/>\n<span class=\"fontLight\">\u00abSich interessieren, lernen und verankern.\u00bb<\/span><\/h1>\n<\/div><\/div><style type=\"text\/css\">.fusion-body .fusion-builder-column-0{width:50% !important;margin-top : 0px;margin-bottom : 20px;}.fusion-builder-column-0 > .fusion-column-wrapper {padding-top : 0px !important;padding-right : 0px !important;margin-right : 3.84%;padding-bottom : 0px !important;padding-left : 0px !important;margin-left : 3.84%;}@media only screen and (max-width:1024px) {.fusion-body .fusion-builder-column-0{width:100% !important;order : 0;}.fusion-builder-column-0 > .fusion-column-wrapper {margin-right : 1.92%;padding-left : 0px !important;margin-left : 1.92%;}}@media only screen and (max-width:766px) {.fusion-body .fusion-builder-column-0{width:100% !important;order : 0;}.fusion-builder-column-0 > .fusion-column-wrapper {margin-right : 1.92%;margin-left : 1.92%;}}<\/style><\/div><\/div><style type=\"text\/css\">.fusion-body .fusion-flex-container.fusion-builder-row-1{ padding-top : 0px;margin-top : 0px;padding-right : 0px;padding-bottom : 0px;margin-bottom : 0px;padding-left : 0px;}@media only screen and (max-width:1024px) {.fusion-body .fusion-flex-container.fusion-builder-row-1{ padding-top : 40px;padding-right : 30px;padding-bottom : 20px;padding-left : 30px;}}@media only screen and (max-width:766px) {.fusion-body .fusion-flex-container.fusion-builder-row-1{ padding-top : 30px;padding-right : 20px;padding-bottom : 20px;padding-left : 20px;}}<\/style><\/div><div class=\"fusion-fullwidth fullwidth-box fusion-builder-row-2 fusion-flex-container fixoutbreak hundred-percent-fullwidth non-hundred-percent-height-scrolling\" style=\"background-color: rgba(255,255,255,0);background-position: center center;background-repeat: no-repeat;border-width: 0px 0px 0px 0px;border-color:#eae9e9;border-style:solid;\" ><div class=\"fusion-builder-row fusion-row fusion-flex-align-items-flex-start\" style=\"width:104% !important;max-width:104% !important;margin-left: calc(-4% \/ 2 );margin-right: calc(-4% \/ 2 );\"><div class=\"fusion-layout-column fusion_builder_column fusion-builder-column-1 fusion_builder_column_2_3 2_3 fusion-flex-column imageoverchange magnifyingglass\"><div class=\"fusion-column-wrapper fusion-flex-justify-content-flex-start fusion-content-layout-column\" style=\"background-position:left top;background-repeat:no-repeat;-webkit-background-size:cover;-moz-background-size:cover;-o-background-size:cover;background-size:cover;padding: 0px 0px 0px 0px;\"><div ><span class=\" fusion-imageframe imageframe-none imageframe-1 hover-type-none imagefullwidth imageone\"><img decoding=\"async\" width=\"1600\" height=\"1067\" alt=\"Mimik erlernen in unseren Workshops\" src=\"https:\/\/www.killias-beratung.ch\/wp-content\/uploads\/2021\/09\/Auftritte-Praesentationen-sw.jpg\" class=\"img-responsive wp-image-14352 disable-lazyload\" srcset=\"https:\/\/www.killias-beratung.ch\/wp-content\/uploads\/2021\/09\/Auftritte-Praesentationen-sw-200x133.jpg 200w, https:\/\/www.killias-beratung.ch\/wp-content\/uploads\/2021\/09\/Auftritte-Praesentationen-sw-400x267.jpg 400w, https:\/\/www.killias-beratung.ch\/wp-content\/uploads\/2021\/09\/Auftritte-Praesentationen-sw-600x400.jpg 600w, https:\/\/www.killias-beratung.ch\/wp-content\/uploads\/2021\/09\/Auftritte-Praesentationen-sw-800x534.jpg 800w, https:\/\/www.killias-beratung.ch\/wp-content\/uploads\/2021\/09\/Auftritte-Praesentationen-sw-1200x800.jpg 1200w, https:\/\/www.killias-beratung.ch\/wp-content\/uploads\/2021\/09\/Auftritte-Praesentationen-sw.jpg 1600w\" sizes=\"(max-width: 1024px) 100vw, (max-width: 766px) 100vw, 800px\" \/><\/span><\/div><div ><span class=\" fusion-imageframe imageframe-none imageframe-2 hover-type-none imagefullwidth imagetwo\"><img decoding=\"async\" width=\"1600\" height=\"1067\" alt=\"Mimik steigert Ihren Auftritt\" src=\"https:\/\/www.killias-beratung.ch\/wp-content\/uploads\/2021\/09\/Auftritte-Praesentationen-farbe.jpg\" class=\"img-responsive wp-image-14351 disable-lazyload\" srcset=\"https:\/\/www.killias-beratung.ch\/wp-content\/uploads\/2021\/09\/Auftritte-Praesentationen-farbe-200x133.jpg 200w, https:\/\/www.killias-beratung.ch\/wp-content\/uploads\/2021\/09\/Auftritte-Praesentationen-farbe-400x267.jpg 400w, https:\/\/www.killias-beratung.ch\/wp-content\/uploads\/2021\/09\/Auftritte-Praesentationen-farbe-600x400.jpg 600w, https:\/\/www.killias-beratung.ch\/wp-content\/uploads\/2021\/09\/Auftritte-Praesentationen-farbe-800x534.jpg 800w, https:\/\/www.killias-beratung.ch\/wp-content\/uploads\/2021\/09\/Auftritte-Praesentationen-farbe-1200x800.jpg 1200w, https:\/\/www.killias-beratung.ch\/wp-content\/uploads\/2021\/09\/Auftritte-Praesentationen-farbe.jpg 1600w\" sizes=\"(max-width: 1024px) 100vw, (max-width: 766px) 100vw, 800px\" \/><\/span><\/div><\/div><style type=\"text\/css\">.fusion-body .fusion-builder-column-1{width:66.666666666667% !important;margin-top : 0px;margin-bottom : 20px;}.fusion-builder-column-1 > .fusion-column-wrapper {padding-top : 0 !important;padding-right : 0px !important;margin-right : 2.88%;padding-bottom : 0 !important;padding-left : 0px !important;margin-left : 0%;}@media only screen and (max-width:1024px) {.fusion-body .fusion-builder-column-1{width:100% !important;order : 0;margin-bottom : 0px;}.fusion-builder-column-1 > .fusion-column-wrapper {margin-right : 1.92%;padding-bottom : 0px !important;margin-left : 1.92%;}}@media only screen and (max-width:766px) {.fusion-body .fusion-builder-column-1{width:100% !important;order : 0;}.fusion-builder-column-1 > .fusion-column-wrapper {margin-right : 1.92%;margin-left : 1.92%;}}<\/style><\/div><\/div><style type=\"text\/css\">.fusion-body .fusion-flex-container.fusion-builder-row-2{ padding-top : 0px;margin-top : 0px;padding-right : 0px;padding-bottom : 0px;margin-bottom : 0px;padding-left : 0px;}<\/style><\/div><div class=\"fusion-fullwidth fullwidth-box fusion-builder-row-3 fusion-flex-container nonhundred-percent-fullwidth non-hundred-percent-height-scrolling\" style=\"background-color: rgba(255,255,255,0);background-position: center center;background-repeat: no-repeat;border-width: 0px 0px 0px 0px;border-color:#eae9e9;border-style:solid;\" ><div class=\"fusion-builder-row fusion-row fusion-flex-align-items-flex-start\" style=\"max-width:1216.8px;margin-left: calc(-4% \/ 2 );margin-right: calc(-4% \/ 2 );\"><div class=\"fusion-layout-column fusion_builder_column fusion-builder-column-2 fusion_builder_column_1_1 1_1 fusion-flex-column\"><div class=\"fusion-column-wrapper fusion-flex-justify-content-flex-start fusion-content-layout-column\" style=\"background-position:left top;background-repeat:no-repeat;-webkit-background-size:cover;-moz-background-size:cover;-o-background-size:cover;background-size:cover;padding: 0px 0px 0px 0px;\"><style type=\"text\/css\">@media only screen and (max-width:1024px) {.fusion-title.fusion-title-1{margin-top:0px!important; margin-right:0px!important;margin-bottom:30px!important;margin-left:0px!important;}}@media only screen and (max-width:766px) {.fusion-title.fusion-title-1{margin-top:0px!important; margin-right:0px!important;margin-bottom:20px!important; margin-left:0px!important;}}<\/style><div class=\"fusion-title title fusion-title-1 fusion-title-text fusion-title-size-two\" style=\"margin-top:0px;margin-right:0px;margin-bottom:30px;margin-left:0px;\"><div class=\"title-sep-container title-sep-container-left fusion-no-large-visibility fusion-no-medium-visibility fusion-no-small-visibility\"><div class=\"title-sep sep-\" style=\"border-color:#e0dede;\"><\/div><\/div><span class=\"awb-title-spacer fusion-no-large-visibility fusion-no-medium-visibility fusion-no-small-visibility\"><\/span><h2 class=\"title-heading-left\" style=\"margin:0;\"><span style=\"color: #4298b5;\">Vortr\u00e4ge, Workshops, Seminare, Retreats und Teamevents<\/span><\/h2><span class=\"awb-title-spacer\"><\/span><div class=\"title-sep-container title-sep-container-right\"><div class=\"title-sep sep-\" style=\"border-color:#e0dede;\"><\/div><\/div><\/div><div class=\"fusion-text fusion-text-2\"><p>Ich biete <span style=\"font-style: var(--body_typography-font-style,normal); letter-spacing: var(--body_typography-letter-spacing);\">ziel- und l\u00f6sungsorientierte, innovative und praxisbezogene Vortr\u00e4ge, Workshops und Seminare an. Zudem biete ich spezielle Weiterbildungen f\u00fcr Coaches und Berater*innen an. Als Dozentin arbeite ich auch mit Weiterbildungsinstitutionen zusammen. Hier ein paar Themen-Ausschnitte aus dem Angebot:<\/span><\/p>\n<ul>\n<li>Resilienz als Superressource: the patgific way of life<\/li>\n<li>Digital Detox: Warum diese Art der Entspannung so wichtig ist<\/li>\n<li>Tools f\u00fcr mehr mentale, innere St\u00e4rke<\/li>\n<li>Progressive Muskelentspannung und Autogenes Training<\/li>\n<li>das innere und \u00e4ussere Bild: wirke ich so, wie ich m\u00f6chte?<\/li>\n<li>meine Stimme \u2013 mein Erfolgsfaktor<\/li>\n<li>Vocal Coaching \u2013 Stressregulierung dank Stimmcoaching<\/li>\n<li>Emotionsregulierung<\/li>\n<li>Werte-Arbeit<\/li>\n<li>Feedback-Kultur<\/li>\n<li>Die Welt der Mikro-Expressionen \/ Mimik<\/li>\n<li>der systematische Ansatz<\/li>\n<li>achtsame, wirkungsvolle, gewaltfreie Kommunikation<\/li>\n<li>Energiearbeit, Intuition, Emotionale Kompetenz<\/li>\n<li>anerkannte Refexionssitzungen f\u00fcr angehende eidg. betr. Mentor*innen<\/li>\n<li>Toolbox to go f\u00fcr Coaches und Berater*innen<\/li>\n<li>Supervisionen f\u00fcr Einzelpersonen und Teams<\/li>\n<\/ul>\n<div><span style=\"color: #4298b5;\"><strong>Auch als Auszeit, Retreat oder Teamevent im 170-j\u00e4hrigen Holz-B\u00fcndnerhaus in der wundersch\u00f6nen Surselva buchbar \u2013 auf Wunsch mit Rahmenprogramm. Gerne stelle ich dir ein pers\u00f6nliches \u00abPackage\u00bb, fernab von 08\/15 zusammen.<\/strong><\/span><\/div>\n<div>\u00a0<\/div>\n<h4>\u00a0<\/h4>\n<\/div><\/div><style type=\"text\/css\">.fusion-body .fusion-builder-column-2{width:100% !important;margin-top : 0px;margin-bottom : 20px;}.fusion-builder-column-2 > .fusion-column-wrapper {padding-top : 0px !important;padding-right : 0px !important;margin-right : 1.92%;padding-bottom : 0px !important;padding-left : 0px !important;margin-left : 1.92%;}@media only screen and (max-width:1024px) {.fusion-body .fusion-builder-column-2{width:100% !important;order : 0;}.fusion-builder-column-2 > .fusion-column-wrapper {margin-right : 1.92%;margin-left : 1.92%;}}@media only screen and (max-width:766px) {.fusion-body .fusion-builder-column-2{width:100% !important;order : 0;}.fusion-builder-column-2 > .fusion-column-wrapper {margin-right : 1.92%;margin-left : 1.92%;}}<\/style><\/div><\/div><style type=\"text\/css\">.fusion-body .fusion-flex-container.fusion-builder-row-3{ padding-top : 0px;margin-top : 0px;padding-right : 0px;padding-bottom : 0px;margin-bottom : 50px;padding-left : 0px;}@media only screen and (max-width:1024px) {.fusion-body .fusion-flex-container.fusion-builder-row-3{ padding-top : 10px;padding-right : 30px;padding-bottom : 0px;padding-left : 30px;}}@media only screen and (max-width:766px) {.fusion-body .fusion-flex-container.fusion-builder-row-3{ padding-right : 20px;padding-left : 20px;}}<\/style><\/div>\n","protected":false},"excerpt":{"rendered":"","protected":false},"author":1,"featured_media":0,"parent":0,"menu_order":0,"comment_status":"closed","ping_status":"closed","template":"100-width.php","meta":{"footnotes":""},"class_list":["post-14008","page","type-page","status-publish","hentry"],"yoast_head":"<!-- This site is optimized with the Yoast SEO Premium plugin v22.4 (Yoast SEO v24.9) - https:\/\/yoast.com\/wordpress\/plugins\/seo\/ -->\r\n<title>Vortr\u00e4ge, Workshops, Seminare \u2013 Das ist unsere Academy \u2013 Killias Beratung<\/title>\r\n<meta name=\"description\" content=\"Ich biete ziel- und l\u00f6sungsorientierte, innovative und praxisbezogene Vortr\u00e4ge, Workshops, Seminare und Weiterbildungen an. Academy f\u00fcr Teambuilding.\" \/>\r\n<meta name=\"robots\" content=\"index, follow, max-snippet:-1, max-image-preview:large, max-video-preview:-1\" \/>\r\n<link rel=\"canonical\" href=\"https:\/\/www.killias-beratung.ch\/index.php\/academy\/\" \/>\r\n<meta property=\"og:locale\" content=\"de_DE\" \/>\r\n<meta property=\"og:type\" content=\"article\" \/>\r\n<meta property=\"og:title\" content=\"Academy\" \/>\r\n<meta property=\"og:description\" content=\"Ich biete ziel- und l\u00f6sungsorientierte, innovative und praxisbezogene Vortr\u00e4ge, Workshops, Seminare und Weiterbildungen an. Academy f\u00fcr Teambuilding.\" \/>\r\n<meta property=\"og:url\" content=\"https:\/\/www.killias-beratung.ch\/index.php\/academy\/\" \/>\r\n<meta property=\"og:site_name\" content=\"Killias Beratung\" \/>\r\n<meta property=\"article:modified_time\" content=\"2026-03-04T16:04:34+00:00\" \/>\r\n<meta name=\"twitter:card\" content=\"summary_large_image\" \/>\r\n<script type=\"application\/ld+json\" class=\"yoast-schema-graph\">{\"@context\":\"https:\/\/schema.org\",\"@graph\":[{\"@type\":\"WebPage\",\"@id\":\"https:\/\/www.killias-beratung.ch\/index.php\/academy\/\",\"url\":\"https:\/\/www.killias-beratung.ch\/index.php\/academy\/\",\"name\":\"Vortr\u00e4ge, Workshops, Seminare \u2013 Das ist unsere Academy \u2013 Killias Beratung\",\"isPartOf\":{\"@id\":\"https:\/\/www.killias-beratung.ch\/#website\"},\"datePublished\":\"2021-09-09T09:18:16+00:00\",\"dateModified\":\"2026-03-04T16:04:34+00:00\",\"description\":\"Ich biete ziel- und l\u00f6sungsorientierte, innovative und praxisbezogene Vortr\u00e4ge, Workshops, Seminare und Weiterbildungen an. Academy f\u00fcr Teambuilding.\",\"breadcrumb\":{\"@id\":\"https:\/\/www.killias-beratung.ch\/index.php\/academy\/#breadcrumb\"},\"inLanguage\":\"de\",\"potentialAction\":[{\"@type\":\"ReadAction\",\"target\":[\"https:\/\/www.killias-beratung.ch\/index.php\/academy\/\"]}]},{\"@type\":\"BreadcrumbList\",\"@id\":\"https:\/\/www.killias-beratung.ch\/index.php\/academy\/#breadcrumb\",\"itemListElement\":[{\"@type\":\"ListItem\",\"position\":1,\"name\":\"Home\",\"item\":\"https:\/\/www.killias-beratung.ch\/\"},{\"@type\":\"ListItem\",\"position\":2,\"name\":\"Academy\"}]},{\"@type\":\"WebSite\",\"@id\":\"https:\/\/www.killias-beratung.ch\/#website\",\"url\":\"https:\/\/www.killias-beratung.ch\/\",\"name\":\"Killias Beratung\",\"description\":\"\",\"publisher\":{\"@id\":\"https:\/\/www.killias-beratung.ch\/#organization\"},\"potentialAction\":[{\"@type\":\"SearchAction\",\"target\":{\"@type\":\"EntryPoint\",\"urlTemplate\":\"https:\/\/www.killias-beratung.ch\/?s={search_term_string}\"},\"query-input\":{\"@type\":\"PropertyValueSpecification\",\"valueRequired\":true,\"valueName\":\"search_term_string\"}}],\"inLanguage\":\"de\"},{\"@type\":\"Organization\",\"@id\":\"https:\/\/www.killias-beratung.ch\/#organization\",\"name\":\"Killias Beratung\",\"url\":\"https:\/\/www.killias-beratung.ch\/\",\"logo\":{\"@type\":\"ImageObject\",\"inLanguage\":\"de\",\"@id\":\"https:\/\/www.killias-beratung.ch\/#\/schema\/logo\/image\/\",\"url\":\"\",\"contentUrl\":\"\",\"caption\":\"Killias Beratung\"},\"image\":{\"@id\":\"https:\/\/www.killias-beratung.ch\/#\/schema\/logo\/image\/\"}}]}<\/script>\r\n<!-- \/ Yoast SEO Premium plugin. -->","yoast_head_json":{"title":"Vortr\u00e4ge, Workshops, Seminare \u2013 Das ist unsere Academy \u2013 Killias Beratung","description":"Ich biete ziel- und l\u00f6sungsorientierte, innovative und praxisbezogene Vortr\u00e4ge, Workshops, Seminare und Weiterbildungen an. Academy f\u00fcr Teambuilding.","robots":{"index":"index","follow":"follow","max-snippet":"max-snippet:-1","max-image-preview":"max-image-preview:large","max-video-preview":"max-video-preview:-1"},"canonical":"https:\/\/www.killias-beratung.ch\/index.php\/academy\/","og_locale":"de_DE","og_type":"article","og_title":"Academy","og_description":"Ich biete ziel- und l\u00f6sungsorientierte, innovative und praxisbezogene Vortr\u00e4ge, Workshops, Seminare und Weiterbildungen an. Academy f\u00fcr Teambuilding.","og_url":"https:\/\/www.killias-beratung.ch\/index.php\/academy\/","og_site_name":"Killias Beratung","article_modified_time":"2026-03-04T16:04:34+00:00","twitter_card":"summary_large_image","schema":{"@context":"https:\/\/schema.org","@graph":[{"@type":"WebPage","@id":"https:\/\/www.killias-beratung.ch\/index.php\/academy\/","url":"https:\/\/www.killias-beratung.ch\/index.php\/academy\/","name":"Vortr\u00e4ge, Workshops, Seminare \u2013 Das ist unsere Academy \u2013 Killias Beratung","isPartOf":{"@id":"https:\/\/www.killias-beratung.ch\/#website"},"datePublished":"2021-09-09T09:18:16+00:00","dateModified":"2026-03-04T16:04:34+00:00","description":"Ich biete ziel- und l\u00f6sungsorientierte, innovative und praxisbezogene Vortr\u00e4ge, Workshops, Seminare und Weiterbildungen an. Academy f\u00fcr Teambuilding.","breadcrumb":{"@id":"https:\/\/www.killias-beratung.ch\/index.php\/academy\/#breadcrumb"},"inLanguage":"de","potentialAction":[{"@type":"ReadAction","target":["https:\/\/www.killias-beratung.ch\/index.php\/academy\/"]}]},{"@type":"BreadcrumbList","@id":"https:\/\/www.killias-beratung.ch\/index.php\/academy\/#breadcrumb","itemListElement":[{"@type":"ListItem","position":1,"name":"Home","item":"https:\/\/www.killias-beratung.ch\/"},{"@type":"ListItem","position":2,"name":"Academy"}]},{"@type":"WebSite","@id":"https:\/\/www.killias-beratung.ch\/#website","url":"https:\/\/www.killias-beratung.ch\/","name":"Killias Beratung","description":"","publisher":{"@id":"https:\/\/www.killias-beratung.ch\/#organization"},"potentialAction":[{"@type":"SearchAction","target":{"@type":"EntryPoint","urlTemplate":"https:\/\/www.killias-beratung.ch\/?s={search_term_string}"},"query-input":{"@type":"PropertyValueSpecification","valueRequired":true,"valueName":"search_term_string"}}],"inLanguage":"de"},{"@type":"Organization","@id":"https:\/\/www.killias-beratung.ch\/#organization","name":"Killias Beratung","url":"https:\/\/www.killias-beratung.ch\/","logo":{"@type":"ImageObject","inLanguage":"de","@id":"https:\/\/www.killias-beratung.ch\/#\/schema\/logo\/image\/","url":"","contentUrl":"","caption":"Killias Beratung"},"image":{"@id":"https:\/\/www.killias-beratung.ch\/#\/schema\/logo\/image\/"}}]}},"_links":{"self":[{"href":"https:\/\/www.killias-beratung.ch\/index.php\/wp-json\/wp\/v2\/pages\/14008","targetHints":{"allow":["GET"]}}],"collection":[{"href":"https:\/\/www.killias-beratung.ch\/index.php\/wp-json\/wp\/v2\/pages"}],"about":[{"href":"https:\/\/www.killias-beratung.ch\/index.php\/wp-json\/wp\/v2\/types\/page"}],"author":[{"embeddable":true,"href":"https:\/\/www.killias-beratung.ch\/index.php\/wp-json\/wp\/v2\/users\/1"}],"replies":[{"embeddable":true,"href":"https:\/\/www.killias-beratung.ch\/index.php\/wp-json\/wp\/v2\/comments?post=14008"}],"version-history":[{"count":107,"href":"https:\/\/www.killias-beratung.ch\/index.php\/wp-json\/wp\/v2\/pages\/14008\/revisions"}],"predecessor-version":[{"id":20261,"href":"https:\/\/www.killias-beratung.ch\/index.php\/wp-json\/wp\/v2\/pages\/14008\/revisions\/20261"}],"wp:attachment":[{"href":"https:\/\/www.killias-beratung.ch\/index.php\/wp-json\/wp\/v2\/media?parent=14008"}],"curies":[{"name":"wp","href":"https:\/\/api.w.org\/{rel}","templated":true}]}}