{"id":13310,"date":"2024-04-04T12:17:41","date_gmt":"2024-04-04T10:17:41","guid":{"rendered":"http:\/\/skillmentoring.stilecht.ch\/?page_id=13310"},"modified":"2024-12-01T17:02:03","modified_gmt":"2024-12-01T16:02:03","slug":"kontakt","status":"publish","type":"page","link":"https:\/\/www.killias-beratung.ch\/index.php\/kontakt\/","title":{"rendered":"Kontakt"},"content":{"rendered":"<div class=\"fusion-fullwidth fullwidth-box fusion-builder-row-1 fusion-flex-container nonhundred-percent-fullwidth non-hundred-percent-height-scrolling\" style=\"background-color: rgba(255,255,255,0);background-position: center center;background-repeat: no-repeat;border-width: 0px 0px 0px 0px;border-color:#eae9e9;border-style:solid;\" ><div class=\"fusion-builder-row fusion-row fusion-flex-align-items-flex-start\" style=\"max-width:1216.8px;margin-left: calc(-4% \/ 2 );margin-right: calc(-4% \/ 2 );\"><div class=\"fusion-layout-column fusion_builder_column fusion-builder-column-0 fusion_builder_column_2_3 2_3 fusion-flex-column\"><div class=\"fusion-column-wrapper fusion-flex-justify-content-flex-start fusion-content-layout-column\" style=\"background-position:left top;background-repeat:no-repeat;-webkit-background-size:cover;-moz-background-size:cover;-o-background-size:cover;background-size:cover;padding: 0px 0px 0px 0px;\"><style type=\"text\/css\">@media only screen and (max-width:1024px) {.fusion-title.fusion-title-1{margin-top:0px!important; margin-right:0px!important;margin-bottom:30px!important;margin-left:0px!important;}}@media only screen and (max-width:766px) {.fusion-title.fusion-title-1{margin-top:0px!important; margin-right:0px!important;margin-bottom:20px!important; margin-left:0px!important;}}<\/style><div class=\"fusion-title title fusion-title-1 fusion-title-text fusion-title-size-two\" style=\"margin-top:0px;margin-right:0px;margin-bottom:30px;margin-left:0px;\"><div class=\"title-sep-container title-sep-container-left fusion-no-large-visibility fusion-no-medium-visibility fusion-no-small-visibility\"><div class=\"title-sep sep-\" style=\"border-color:#e0dede;\"><\/div><\/div><span class=\"awb-title-spacer fusion-no-large-visibility fusion-no-medium-visibility fusion-no-small-visibility\"><\/span><h2 class=\"title-heading-left\" style=\"margin:0;\"><h1 class=\"\" style=\"color: #4298b5;\"><span class=\"fontSemibold\">Bereit f\u00fcr mehr innere St\u00e4rke? It&#8217;s up to you.<\/span><\/h1><\/h2><span class=\"awb-title-spacer\"><\/span><div class=\"title-sep-container title-sep-container-right\"><div class=\"title-sep sep-\" style=\"border-color:#e0dede;\"><\/div><\/div><\/div><style>.fusion-form-13645 .fusion-form-tooltip .fusion-form-tooltip-content{color:#ffffff !important;background-color:#333333 !important;border-color:#333333 !important;}.fusion-form-13645 input::placeholder{color:rgba(71,71,71,0.5);}.fusion-form-13645 textarea::placeholder{color:rgba(71,71,71,0.5);}.fusion-form-13645 select:invalid{color:rgba(71,71,71,0.5);}.fusion-form-13645 .fusion-form-input-with-icon > i{color:#474747 !important;}.fusion-form-13645 input.fusion-form-upload-field::placeholder{color:#474747;}.fusion-form-13645 option,.fusion-form-13645 input:not([type=\"submit\"]){color:#474747;}.fusion-form-13645 select{color:#474747;}.fusion-form-13645 textarea{color:#474747;}.fusion-form-13645 .fusion-select-wrapper .select-arrow path{stroke:#474747 !important;}<\/style><div class=\"fusion-form fusion-form-builder fusion-form-form-wrapper fusion-form-13645 fixcontact\" style=\"margin-top:20px;margin-right:0px;margin-left:0px;\" data-form-id=\"13645\" data-config=\"{&quot;form_id&quot;:&quot;13645&quot;,&quot;form_post_id&quot;:&quot;13645&quot;,&quot;post_id&quot;:13310,&quot;form_type&quot;:&quot;email&quot;,&quot;confirmation_type&quot;:&quot;message&quot;,&quot;redirect_url&quot;:&quot;&quot;,&quot;field_labels&quot;:{&quot;Vorname&quot;:&quot;&quot;,&quot;Nachname&quot;:&quot;&quot;,&quot;Email&quot;:&quot;&quot;,&quot;nachricht&quot;:&quot;&quot;},&quot;field_logics&quot;:{&quot;Vorname&quot;:&quot;[]&quot;,&quot;Nachname&quot;:&quot;[]&quot;,&quot;Email&quot;:&quot;&quot;,&quot;nachricht&quot;:&quot;&quot;}}\"><form action=\"https:\/\/www.killias-beratung.ch\/index.php\/kontakt\/\" method=\"post\" class=\"fusion-form fusion-form-13645\"><div class=\"fusion-fullwidth fullwidth-box fusion-builder-row-1-1 fusion-flex-container nonhundred-percent-fullwidth non-hundred-percent-height-scrolling\" style=\"background-color: rgba(255,255,255,0);background-position: center center;background-repeat: no-repeat;border-width: 0px 0px 0px 0px;border-color:#eae9e9;border-style:solid;\" ><div class=\"fusion-builder-row fusion-row fusion-flex-align-items-flex-start\" style=\"width:103% !important;max-width:103% !important;margin-left: calc(-3% \/ 2 );margin-right: calc(-3% \/ 2 );\"><div class=\"fusion-layout-column fusion_builder_column fusion-builder-column-1 fusion_builder_column_1_1 1_1 fusion-flex-column\"><div class=\"fusion-column-wrapper fusion-flex-justify-content-flex-start fusion-content-layout-column\" style=\"background-position:left top;background-repeat:no-repeat;-webkit-background-size:cover;-moz-background-size:cover;-o-background-size:cover;background-size:cover;padding: 0px 0px 0px 0px;\"><div class=\"fusion-form-field fusion-form-text-field fusion-form-label-above\" data-form-id=\"13645\"><input type=\"text\" tabindex=\"1\" name=\"Vorname\" id=\"Vorname\" value=\"\"  class=\"fusion-form-input\" required=\"true\" aria-required=\"true\" placeholder=\"Vorname*\" data-holds-private-data=\"false\" minlength=\"0\"\/><\/div><div class=\"fusion-form-field fusion-form-text-field fusion-form-label-above\" data-form-id=\"13645\"><input type=\"text\" tabindex=\"1\" name=\"Nachname\" id=\"Nachname\" value=\"\"  class=\"fusion-form-input\" required=\"true\" aria-required=\"true\" placeholder=\"Nachname*\" data-holds-private-data=\"false\" minlength=\"0\"\/><\/div><div class=\"fusion-form-field fusion-form-email-field fusion-form-label-above\" data-form-id=\"13645\"><input type=\"email\" tabindex=\"2\" name=\"Email\" id=\"Email\" value=\"\"  class=\"fusion-form-input\" required=\"true\" aria-required=\"true\" placeholder=\"E-Mail*\" data-holds-private-data=\"false\"\/><\/div><div class=\"fusion-form-field fusion-form-textarea-field fusion-form-label-above\" data-form-id=\"13645\"><textarea cols=\"40\" rows=\"4\" tabindex=\"4\" id=\"nachricht\" name=\"nachricht\" class=\"fusion-form-input\" required=\"true\" aria-required=\"true\" placeholder=\"Ihre Nachricht*\" data-holds-private-data=\"false\"><\/textarea><\/div><div class=\"form-submission-notices\" id=\"fusion-notices-1\"><div class=\"fusion-alert alert success alert-success fusion-alert-center fusion-form-response fusion-form-response-success fusion-alert-capitalize alert-dismissable\" style=\"background-color:#dff0d8;color:rgba(92,163,64,1);border-color:rgba(92,163,64,1);border-width:1px;\"><button type=\"button\" class=\"close toggle-alert\" data-dismiss=\"alert\" aria-label=\"Close\">&times;<\/button><div class=\"fusion-alert-content-wrapper\"><span class=\"alert-icon\"><i class=\"fa-lg fa fa-check-circle\" aria-hidden=\"true\"><\/i><\/span><span class=\"fusion-alert-content\">Ihre Nachricht wurde erfolgreich \u00fcbermittelt.<\/span><\/div><\/div><div class=\"fusion-alert alert error alert-danger fusion-alert-center fusion-form-response fusion-form-response-error fusion-alert-capitalize alert-dismissable\" style=\"background-color:#f2dede;color:rgba(166,66,66,1);border-color:rgba(166,66,66,1);border-width:1px;\"><button type=\"button\" class=\"close toggle-alert\" data-dismiss=\"alert\" aria-label=\"Close\">&times;<\/button><div class=\"fusion-alert-content-wrapper\"><span class=\"alert-icon\"><i class=\"fa-lg fa fa-exclamation-triangle\" aria-hidden=\"true\"><\/i><\/span><span class=\"fusion-alert-content\">Es ist ein Fehler beim Senden Ihrer Nachricht aufgetreten. Bitte versuchen Sie es sp\u00e4ter erneut.<\/span><\/div><\/div><\/div><div class=\"fusion-form-field fusion-form-submit-field fusion-form-label-above buttonlinkred\" data-form-id=\"13645\"><input type=\"hidden\" value=\"sonja@skillcare.ch\" name=\"fusion_form_email\" \/><input type=\"hidden\" value=\"Kontaktformular\" name=\"fusion_form_email_from\" \/><input type=\"hidden\" value=\"kontakt@skillcare.ch\" name=\"fusion_form_email_from_id\" \/><input type=\"hidden\" value=\"Kontaktformular\" name=\"fusion_form_email_subject\" \/><input type=\"hidden\" value=\"1\" name=\"fusion_form_email_subject_encode\" \/><div style=\"text-align:left;\"><style type=\"text\/css\">.fusion-button.button-1 .fusion-button-text, .fusion-button.button-1 i {color:#ffffff;}.fusion-button.button-1 .fusion-button-icon-divider{border-color:#ffffff;}.fusion-button.button-1:hover .fusion-button-text, .fusion-button.button-1:hover i,.fusion-button.button-1:focus .fusion-button-text, .fusion-button.button-1:focus i,.fusion-button.button-1:active .fusion-button-text, .fusion-button.button-1:active{color:#FFF;}.fusion-button.button-1:hover .fusion-button-icon-divider, .fusion-button.button-1:hover .fusion-button-icon-divider, .fusion-button.button-1:active .fusion-button-icon-divider{border-color:#FFF;}.fusion-button.button-1:hover, .fusion-button.button-1:focus, .fusion-button.button-1:active{border-color:#4298b5;border-width:0px;}.fusion-button.button-1 {border-color:#4298b5;border-width:0px;border-radius:50px;}.fusion-button.button-1{background: #4298b5;}.fusion-button.button-1:hover,.button-1:focus,.fusion-button.button-1:active{background: #4298b5;}.fusion-button.button-1 .fusion-button-text {text-transform:none;}<\/style><button type=\"submit\" class=\"fusion-button button-flat button-large button-custom button-1 fusion-button-span-no buttonlinkred form-form-submit button-default\" data-form-number=\"13645\" tabindex=\"\"><span class=\"fusion-button-text\">Nachricht senden<\/span><\/button><\/div><\/div><\/div><style type=\"text\/css\">.fusion-body .fusion-builder-column-1{width:100% !important;margin-top : 0px;margin-bottom : 0px;}.fusion-builder-column-1 > .fusion-column-wrapper {padding-top : 0px !important;padding-right : 0px !important;margin-right : 1.455%;padding-bottom : 0px !important;padding-left : 0px !important;margin-left : 1.455%;}@media only screen and (max-width:1024px) {.fusion-body .fusion-builder-column-1{width:100% !important;order : 0;}.fusion-builder-column-1 > .fusion-column-wrapper {margin-right : 1.455%;margin-left : 1.455%;}}@media only screen and (max-width:766px) {.fusion-body .fusion-builder-column-1{width:100% !important;order : 0;}.fusion-builder-column-1 > .fusion-column-wrapper {margin-right : 1.455%;margin-left : 1.455%;}}<\/style><\/div><\/div><style type=\"text\/css\">.fusion-body .fusion-flex-container.fusion-builder-row-1-1{ padding-top : 0px;margin-top : 0px;padding-right : 0px;padding-bottom : 0px;margin-bottom : 0px;padding-left : 0px;}<\/style><\/div><input type=\"hidden\" name=\"fusion_privacy_store_ip_ua\" value=\"false\"><input type=\"hidden\" name=\"fusion_privacy_expiration_interval\" value=\"48\"><input type=\"hidden\" name=\"privacy_expiration_action\" value=\"ignore\"><\/form><\/div><\/div><style type=\"text\/css\">.fusion-body .fusion-builder-column-0{width:66.666666666667% !important;margin-top : 0px;margin-bottom : 20px;}.fusion-builder-column-0 > .fusion-column-wrapper {padding-top : 0px !important;padding-right : 0px !important;margin-right : 2.88%;padding-bottom : 0px !important;padding-left : 0px !important;margin-left : 2.88%;}@media only screen and (max-width:1024px) {.fusion-body .fusion-builder-column-0{width:100% !important;order : 0;}.fusion-builder-column-0 > .fusion-column-wrapper {margin-right : 1.92%;margin-left : 1.92%;}}@media only screen and (max-width:766px) {.fusion-body .fusion-builder-column-0{width:100% !important;order : 0;}.fusion-builder-column-0 > .fusion-column-wrapper {margin-right : 1.92%;margin-left : 1.92%;}}<\/style><\/div><\/div><style type=\"text\/css\">.fusion-body .fusion-flex-container.fusion-builder-row-1{ padding-top : 25px;margin-top : 60px;padding-right : 0px;padding-bottom : 23px;margin-bottom : 30px;padding-left : 0px;}@media only screen and (max-width:766px) {.fusion-body .fusion-flex-container.fusion-builder-row-1{ padding-top : 0px;margin-top : 0px;}}<\/style><\/div>\n","protected":false},"excerpt":{"rendered":"","protected":false},"author":1,"featured_media":0,"parent":0,"menu_order":0,"comment_status":"closed","ping_status":"closed","template":"100-width.php","meta":{"footnotes":""},"class_list":["post-13310","page","type-page","status-publish","hentry"],"yoast_head":"<!-- This site is optimized with the Yoast SEO Premium plugin v22.4 (Yoast SEO v24.9) - https:\/\/yoast.com\/wordpress\/plugins\/seo\/ -->\r\n<title>Wie k\u00f6nnen wir dich st\u00e4rken? \u2013 Killias Beratung<\/title>\r\n<meta name=\"description\" content=\"Wie k\u00f6nnen wir dich st\u00e4rken? Nimm Kontakt auf. Wir beraten dich gerne \u00fcber mentale Fitness, Kommunikation und Wirkungskompetenz.\" \/>\r\n<meta name=\"robots\" content=\"index, follow, max-snippet:-1, max-image-preview:large, max-video-preview:-1\" \/>\r\n<link rel=\"canonical\" href=\"https:\/\/www.killias-beratung.ch\/index.php\/kontakt\/\" \/>\r\n<meta property=\"og:locale\" content=\"de_DE\" \/>\r\n<meta property=\"og:type\" content=\"article\" \/>\r\n<meta property=\"og:title\" content=\"Kontakt\" \/>\r\n<meta property=\"og:description\" content=\"Wie k\u00f6nnen wir dich st\u00e4rken? Nimm Kontakt auf. Wir beraten dich gerne \u00fcber mentale Fitness, Kommunikation und Wirkungskompetenz.\" \/>\r\n<meta property=\"og:url\" content=\"https:\/\/www.killias-beratung.ch\/index.php\/kontakt\/\" \/>\r\n<meta property=\"og:site_name\" content=\"Killias Beratung\" \/>\r\n<meta property=\"article:modified_time\" content=\"2024-12-01T16:02:03+00:00\" \/>\r\n<meta name=\"twitter:card\" content=\"summary_large_image\" \/>\r\n<script type=\"application\/ld+json\" class=\"yoast-schema-graph\">{\"@context\":\"https:\/\/schema.org\",\"@graph\":[{\"@type\":\"WebPage\",\"@id\":\"https:\/\/www.killias-beratung.ch\/index.php\/kontakt\/\",\"url\":\"https:\/\/www.killias-beratung.ch\/index.php\/kontakt\/\",\"name\":\"Wie k\u00f6nnen wir dich st\u00e4rken? \u2013 Killias Beratung\",\"isPartOf\":{\"@id\":\"https:\/\/www.killias-beratung.ch\/#website\"},\"datePublished\":\"2024-04-04T10:17:41+00:00\",\"dateModified\":\"2024-12-01T16:02:03+00:00\",\"description\":\"Wie k\u00f6nnen wir dich st\u00e4rken? Nimm Kontakt auf. Wir beraten dich gerne \u00fcber mentale Fitness, Kommunikation und Wirkungskompetenz.\",\"breadcrumb\":{\"@id\":\"https:\/\/www.killias-beratung.ch\/index.php\/kontakt\/#breadcrumb\"},\"inLanguage\":\"de\",\"potentialAction\":[{\"@type\":\"ReadAction\",\"target\":[\"https:\/\/www.killias-beratung.ch\/index.php\/kontakt\/\"]}]},{\"@type\":\"BreadcrumbList\",\"@id\":\"https:\/\/www.killias-beratung.ch\/index.php\/kontakt\/#breadcrumb\",\"itemListElement\":[{\"@type\":\"ListItem\",\"position\":1,\"name\":\"Home\",\"item\":\"https:\/\/www.killias-beratung.ch\/\"},{\"@type\":\"ListItem\",\"position\":2,\"name\":\"Kontakt\"}]},{\"@type\":\"WebSite\",\"@id\":\"https:\/\/www.killias-beratung.ch\/#website\",\"url\":\"https:\/\/www.killias-beratung.ch\/\",\"name\":\"Killias Beratung\",\"description\":\"\",\"publisher\":{\"@id\":\"https:\/\/www.killias-beratung.ch\/#organization\"},\"potentialAction\":[{\"@type\":\"SearchAction\",\"target\":{\"@type\":\"EntryPoint\",\"urlTemplate\":\"https:\/\/www.killias-beratung.ch\/?s={search_term_string}\"},\"query-input\":{\"@type\":\"PropertyValueSpecification\",\"valueRequired\":true,\"valueName\":\"search_term_string\"}}],\"inLanguage\":\"de\"},{\"@type\":\"Organization\",\"@id\":\"https:\/\/www.killias-beratung.ch\/#organization\",\"name\":\"Killias Beratung\",\"url\":\"https:\/\/www.killias-beratung.ch\/\",\"logo\":{\"@type\":\"ImageObject\",\"inLanguage\":\"de\",\"@id\":\"https:\/\/www.killias-beratung.ch\/#\/schema\/logo\/image\/\",\"url\":\"\",\"contentUrl\":\"\",\"caption\":\"Killias Beratung\"},\"image\":{\"@id\":\"https:\/\/www.killias-beratung.ch\/#\/schema\/logo\/image\/\"}}]}<\/script>\r\n<!-- \/ Yoast SEO Premium plugin. -->","yoast_head_json":{"title":"Wie k\u00f6nnen wir dich st\u00e4rken? \u2013 Killias Beratung","description":"Wie k\u00f6nnen wir dich st\u00e4rken? Nimm Kontakt auf. Wir beraten dich gerne \u00fcber mentale Fitness, Kommunikation und Wirkungskompetenz.","robots":{"index":"index","follow":"follow","max-snippet":"max-snippet:-1","max-image-preview":"max-image-preview:large","max-video-preview":"max-video-preview:-1"},"canonical":"https:\/\/www.killias-beratung.ch\/index.php\/kontakt\/","og_locale":"de_DE","og_type":"article","og_title":"Kontakt","og_description":"Wie k\u00f6nnen wir dich st\u00e4rken? Nimm Kontakt auf. Wir beraten dich gerne \u00fcber mentale Fitness, Kommunikation und Wirkungskompetenz.","og_url":"https:\/\/www.killias-beratung.ch\/index.php\/kontakt\/","og_site_name":"Killias Beratung","article_modified_time":"2024-12-01T16:02:03+00:00","twitter_card":"summary_large_image","schema":{"@context":"https:\/\/schema.org","@graph":[{"@type":"WebPage","@id":"https:\/\/www.killias-beratung.ch\/index.php\/kontakt\/","url":"https:\/\/www.killias-beratung.ch\/index.php\/kontakt\/","name":"Wie k\u00f6nnen wir dich st\u00e4rken? \u2013 Killias Beratung","isPartOf":{"@id":"https:\/\/www.killias-beratung.ch\/#website"},"datePublished":"2024-04-04T10:17:41+00:00","dateModified":"2024-12-01T16:02:03+00:00","description":"Wie k\u00f6nnen wir dich st\u00e4rken? Nimm Kontakt auf. Wir beraten dich gerne \u00fcber mentale Fitness, Kommunikation und Wirkungskompetenz.","breadcrumb":{"@id":"https:\/\/www.killias-beratung.ch\/index.php\/kontakt\/#breadcrumb"},"inLanguage":"de","potentialAction":[{"@type":"ReadAction","target":["https:\/\/www.killias-beratung.ch\/index.php\/kontakt\/"]}]},{"@type":"BreadcrumbList","@id":"https:\/\/www.killias-beratung.ch\/index.php\/kontakt\/#breadcrumb","itemListElement":[{"@type":"ListItem","position":1,"name":"Home","item":"https:\/\/www.killias-beratung.ch\/"},{"@type":"ListItem","position":2,"name":"Kontakt"}]},{"@type":"WebSite","@id":"https:\/\/www.killias-beratung.ch\/#website","url":"https:\/\/www.killias-beratung.ch\/","name":"Killias Beratung","description":"","publisher":{"@id":"https:\/\/www.killias-beratung.ch\/#organization"},"potentialAction":[{"@type":"SearchAction","target":{"@type":"EntryPoint","urlTemplate":"https:\/\/www.killias-beratung.ch\/?s={search_term_string}"},"query-input":{"@type":"PropertyValueSpecification","valueRequired":true,"valueName":"search_term_string"}}],"inLanguage":"de"},{"@type":"Organization","@id":"https:\/\/www.killias-beratung.ch\/#organization","name":"Killias Beratung","url":"https:\/\/www.killias-beratung.ch\/","logo":{"@type":"ImageObject","inLanguage":"de","@id":"https:\/\/www.killias-beratung.ch\/#\/schema\/logo\/image\/","url":"","contentUrl":"","caption":"Killias Beratung"},"image":{"@id":"https:\/\/www.killias-beratung.ch\/#\/schema\/logo\/image\/"}}]}},"_links":{"self":[{"href":"https:\/\/www.killias-beratung.ch\/index.php\/wp-json\/wp\/v2\/pages\/13310","targetHints":{"allow":["GET"]}}],"collection":[{"href":"https:\/\/www.killias-beratung.ch\/index.php\/wp-json\/wp\/v2\/pages"}],"about":[{"href":"https:\/\/www.killias-beratung.ch\/index.php\/wp-json\/wp\/v2\/types\/page"}],"author":[{"embeddable":true,"href":"https:\/\/www.killias-beratung.ch\/index.php\/wp-json\/wp\/v2\/users\/1"}],"replies":[{"embeddable":true,"href":"https:\/\/www.killias-beratung.ch\/index.php\/wp-json\/wp\/v2\/comments?post=13310"}],"version-history":[{"count":45,"href":"https:\/\/www.killias-beratung.ch\/index.php\/wp-json\/wp\/v2\/pages\/13310\/revisions"}],"predecessor-version":[{"id":19092,"href":"https:\/\/www.killias-beratung.ch\/index.php\/wp-json\/wp\/v2\/pages\/13310\/revisions\/19092"}],"wp:attachment":[{"href":"https:\/\/www.killias-beratung.ch\/index.php\/wp-json\/wp\/v2\/media?parent=13310"}],"curies":[{"name":"wp","href":"https:\/\/api.w.org\/{rel}","templated":true}]}}